{"id":30,"date":"2022-11-04T11:27:10","date_gmt":"2022-11-04T16:27:10","guid":{"rendered":"https:\/\/makaludesign.com\/saat\/?page_id=30"},"modified":"2026-04-02T10:15:44","modified_gmt":"2026-04-02T15:15:44","slug":"novedades","status":"publish","type":"page","link":"https:\/\/makaludesign.com\/novafert\/novedades\/","title":{"rendered":"Novedades"},"content":{"rendered":"\t\t<div data-elementor-type=\"wp-page\" data-elementor-id=\"30\" class=\"elementor elementor-30\" wpc-filter-elementor-widget=\"1\">\n\t\t\t\t\t\t<section class=\"elementor-section elementor-top-section elementor-element elementor-element-b7b7ce5 elementor-section-boxed elementor-section-height-default elementor-section-height-default\" data-id=\"b7b7ce5\" data-element_type=\"section\" data-e-type=\"section\">\n\t\t\t\t\t\t<div class=\"elementor-container elementor-column-gap-default\">\n\t\t\t\t\t<div class=\"elementor-column elementor-col-100 elementor-top-column elementor-element elementor-element-a052de4\" data-id=\"a052de4\" data-element_type=\"column\" data-e-type=\"column\">\n\t\t\t<div class=\"elementor-widget-wrap elementor-element-populated\">\n\t\t\t\t\t\t<div class=\"elementor-element elementor-element-3002492 premium-blog-align-left elementor-widget elementor-widget-premium-addon-blog\" data-id=\"3002492\" data-element_type=\"widget\" data-e-type=\"widget\" data-settings=\"{&quot;force_height&quot;:&quot;true&quot;,&quot;premium_blog_columns_number&quot;:&quot;33.33%&quot;,&quot;premium_blog_infinite_scroll&quot;:&quot;yes&quot;,&quot;premium_blog_grid&quot;:&quot;yes&quot;,&quot;premium_blog_layout&quot;:&quot;even&quot;,&quot;premium_blog_columns_number_tablet&quot;:&quot;50%&quot;,&quot;premium_blog_columns_number_mobile&quot;:&quot;100%&quot;}\" data-widget_type=\"premium-addon-blog.default\">\n\t\t\t\t<div class=\"elementor-widget-container\">\n\t\t\t\t\t\n\t\t\n\n\t\t\t\t<div class=\"premium-blog-wrap  premium-blog-even\" data-page=\"30\">\n\t\t\t\t\t\t\t\t\t<div class=\"premium-blog-post-outer-container\" data-total=\"1\">\n\t\t\t<div class=\"premium-blog-post-container premium-blog-skin-classic\">\n\t\t\t\t\t\t\t\t\t<div class=\"premium-blog-thumb-effect-wrapper\">\n\t\t\t\t\t\t<div class=\"premium-blog-thumbnail-container premium-blog-trans-effect\">\n\t\t\t\t\t\t\t<img fetchpriority=\"high\" decoding=\"async\" width=\"1525\" height=\"1038\" src=\"https:\/\/makaludesign.com\/novafert\/wp-content\/uploads\/2022\/11\/encuentro_novafert_2.jpg\" class=\"attachment-full size-full wp-image-12538\" alt=\"\" srcset=\"https:\/\/makaludesign.com\/novafert\/wp-content\/uploads\/2022\/11\/encuentro_novafert_2.jpg 1525w, https:\/\/makaludesign.com\/novafert\/wp-content\/uploads\/2022\/11\/encuentro_novafert_2-300x204.jpg 300w, https:\/\/makaludesign.com\/novafert\/wp-content\/uploads\/2022\/11\/encuentro_novafert_2-1504x1024.jpg 1504w, https:\/\/makaludesign.com\/novafert\/wp-content\/uploads\/2022\/11\/encuentro_novafert_2-768x523.jpg 768w, https:\/\/makaludesign.com\/novafert\/wp-content\/uploads\/2022\/11\/encuentro_novafert_2-350x238.jpg 350w, https:\/\/makaludesign.com\/novafert\/wp-content\/uploads\/2022\/11\/encuentro_novafert_2-800x545.jpg 800w\" sizes=\"(max-width: 1525px) 100vw, 1525px\" \/>\t\t\t\t\t\t<\/div>\n\t\t\t\t\t\t\t\t\t\t\t\t\t<div class=\"premium-blog-thumbnail-overlay\">\n\t\t\t\t\t\t\t\t<a class=\"elementor-icon\" href=\"https:\/\/makaludesign.com\/novafert\/novedades\/hola-mundo\/\" target=\"_self\"><\/a>\n\t\t\t\t\t\t\t<\/div>\n\n\t\t\t\t\t\t\t\t\t\t\t\t\t\t\t\t\t\t<\/div>\n\t\t\t\t\t\t\t\t\t\t\t\t<div class=\"premium-blog-content-wrapper \">\n\n\t\t\t\t\t<div class=\"premium-blog-inner-container\">\n\n\t\t\t\t\t\t\t\t\t\t\t\t\t\t<h3 class=\"premium-blog-entry-title\">\n\t\t\t<a href=\"https:\/\/makaludesign.com\/novafert\/novedades\/hola-mundo\/\" target=\"_self\">\n\t\t\t\tNovafert cuenta con un equipo de profesionales altamente capacitados para brindar la mejor asesor\u00eda a los agricultores colombianos.\t\t\t<\/a>\n\t\t<\/h3>\n\t\t\t\t<div class=\"premium-blog-entry-meta\">\n\t\t\t\n\t\t\t\n\t\t\t\t\t\t\t<span class=\"premium-blog-meta-separator\">\u2022<\/span>\n\t\t\t\t<div class=\"premium-blog-post-categories premium-blog-meta-data\">\n\t\t\t\t\t<i class=\"fa fa-align-left fa-fw\" aria-hidden=\"true\"><\/i>\n\t\t\t\t\t<a href=\"https:\/\/makaludesign.com\/novafert\/category\/novedades\/\" rel=\"category tag\">Novedades<\/a>\t\t\t\t<\/div>\n\t\t\t\n\t\t\t\t\t<\/div>\n\t\t\n\t\t\t\t\t<\/div>\n\n\t\t\t\t\t\t\t<div class=\"premium-blog-content-inner-wrapper\">\n\t\t<p class=\"premium-blog-post-content\">Novafert innova cada d\u00eda en sus productos y tambi\u00e9n en la capacitaci\u00f3n de nuestro equipo t\u00e9cnico profesional, para llevar a Colombia las mejores tecnolog\u00edas en bioestimulaci\u00f3n foliar. En este primer encuentro comercial de NOVAFERT, hicieron<\/p><div class=\"premium-blog-excerpt-link-wrap\"><a href=\"https:\/\/makaludesign.com\/novafert\/novedades\/hola-mundo\/\" target=\"_self\" class=\"premium-blog-excerpt-link elementor-button\">Leer m\u00e1s  +<\/a><\/div>\t\t<\/div>\n\t\t\t\t\t\t\t\n\t\t\t\t<\/div>\n\t\t\t<\/div>\n\t\t<\/div>\n\n\t\t\t\t<div class=\"premium-blog-post-outer-container\" data-total=\"1\">\n\t\t\t<div class=\"premium-blog-post-container premium-blog-skin-classic\">\n\t\t\t\t\t\t\t\t\t<div class=\"premium-blog-thumb-effect-wrapper\">\n\t\t\t\t\t\t<div class=\"premium-blog-thumbnail-container premium-blog-trans-effect\">\n\t\t\t\t\t\t\t<img decoding=\"async\" width=\"1200\" height=\"840\" src=\"https:\/\/makaludesign.com\/novafert\/wp-content\/uploads\/2022\/11\/feria_2.jpg\" class=\"attachment-full size-full wp-image-12553\" alt=\"\" srcset=\"https:\/\/makaludesign.com\/novafert\/wp-content\/uploads\/2022\/11\/feria_2.jpg 1200w, https:\/\/makaludesign.com\/novafert\/wp-content\/uploads\/2022\/11\/feria_2-300x210.jpg 300w, https:\/\/makaludesign.com\/novafert\/wp-content\/uploads\/2022\/11\/feria_2-768x538.jpg 768w, https:\/\/makaludesign.com\/novafert\/wp-content\/uploads\/2022\/11\/feria_2-350x245.jpg 350w, https:\/\/makaludesign.com\/novafert\/wp-content\/uploads\/2022\/11\/feria_2-800x560.jpg 800w\" sizes=\"(max-width: 1200px) 100vw, 1200px\" \/>\t\t\t\t\t\t<\/div>\n\t\t\t\t\t\t\t\t\t\t\t\t\t<div class=\"premium-blog-thumbnail-overlay\">\n\t\t\t\t\t\t\t\t<a class=\"elementor-icon\" href=\"https:\/\/makaludesign.com\/novafert\/novedades\/articulo\/\" target=\"_self\"><\/a>\n\t\t\t\t\t\t\t<\/div>\n\n\t\t\t\t\t\t\t\t\t\t\t\t\t\t\t\t\t\t<\/div>\n\t\t\t\t\t\t\t\t\t\t\t\t<div class=\"premium-blog-content-wrapper \">\n\n\t\t\t\t\t<div class=\"premium-blog-inner-container\">\n\n\t\t\t\t\t\t\t\t\t\t\t\t\t\t<h3 class=\"premium-blog-entry-title\">\n\t\t\t<a href=\"https:\/\/makaludesign.com\/novafert\/novedades\/articulo\/\" target=\"_self\">\n\t\t\t\tNuestra participaci\u00f3n en Agroexpofuturo fue la oportunidad de llevar innovaci\u00f3n y tecnolog\u00eda para fortalecer el campo.\t\t\t<\/a>\n\t\t<\/h3>\n\t\t\t\t<div class=\"premium-blog-entry-meta\">\n\t\t\t\n\t\t\t\n\t\t\t\t\t\t\t<span class=\"premium-blog-meta-separator\">\u2022<\/span>\n\t\t\t\t<div class=\"premium-blog-post-categories premium-blog-meta-data\">\n\t\t\t\t\t<i class=\"fa fa-align-left fa-fw\" aria-hidden=\"true\"><\/i>\n\t\t\t\t\t<a href=\"https:\/\/makaludesign.com\/novafert\/category\/novedades\/\" rel=\"category tag\">Novedades<\/a>\t\t\t\t<\/div>\n\t\t\t\n\t\t\t\t\t<\/div>\n\t\t\n\t\t\t\t\t<\/div>\n\n\t\t\t\t\t\t\t<div class=\"premium-blog-content-inner-wrapper\">\n\t\t<p class=\"premium-blog-post-content\">Del 6-8 de septiembre Novafert tuvo presencia en Expo Agrofuturo en la ciudad de Medell\u00edn, durante los 3 d\u00edas de feria expusimos nuestra amplia gama de productos entre ellos: Bioestimulantes, Coadyuvantes, Fertilizantes hidrosolubles, fertilizantes granulados,<\/p><div class=\"premium-blog-excerpt-link-wrap\"><a href=\"https:\/\/makaludesign.com\/novafert\/novedades\/articulo\/\" target=\"_self\" class=\"premium-blog-excerpt-link elementor-button\">Leer m\u00e1s  +<\/a><\/div>\t\t<\/div>\n\t\t\t\t\t\t\t\n\t\t\t\t<\/div>\n\t\t\t<\/div>\n\t\t<\/div>\n\n\t\t\t\t\t\t\t<\/div>\n\n\t\t\n\t\t\n\t\t\t\t\t\t<\/div>\n\t\t\t\t<\/div>\n\t\t\t\t\t<\/div>\n\t\t<\/div>\n\t\t\t\t\t<\/div>\n\t\t<\/section>\n\t\t\t\t<\/div>\n\t\t","protected":false},"excerpt":{"rendered":"<p>Novafert cuenta con un equipo de profesionales altamente capacitados para brindar la mejor asesor\u00eda a los agricultores colombianos. \u2022 Novedades Novafert innova cada d\u00eda en sus productos y tambi\u00e9n en la capacitaci\u00f3n de nuestro equipo [&hellip;]<\/p>\n","protected":false},"author":1,"featured_media":0,"parent":0,"menu_order":0,"comment_status":"closed","ping_status":"closed","template":"","meta":{"_acf_changed":false,"inline_featured_image":false,"site-sidebar-layout":"no-sidebar","site-content-layout":"page-builder","ast-site-content-layout":"default","site-content-style":"default","site-sidebar-style":"default","ast-global-header-display":"","ast-banner-title-visibility":"","ast-main-header-display":"","ast-hfb-above-header-display":"","ast-hfb-below-header-display":"","ast-hfb-mobile-header-display":"","site-post-title":"","ast-breadcrumbs-content":"","ast-featured-img":"","footer-sml-layout":"","ast-disable-related-posts":"","theme-transparent-header-meta":"default","adv-header-id-meta":"","stick-header-meta":"default","header-above-stick-meta":"","header-main-stick-meta":"","header-below-stick-meta":"","astra-migrate-meta-layouts":"default","ast-page-background-enabled":"default","ast-page-background-meta":{"desktop":{"background-color":"var(--ast-global-color-4)","background-image":"","background-repeat":"repeat","background-position":"center center","background-size":"auto","background-attachment":"scroll","background-type":"","background-media":"","overlay-type":"","overlay-color":"","overlay-opacity":"","overlay-gradient":""},"tablet":{"background-color":"","background-image":"","background-repeat":"repeat","background-position":"center center","background-size":"auto","background-attachment":"scroll","background-type":"","background-media":"","overlay-type":"","overlay-color":"","overlay-opacity":"","overlay-gradient":""},"mobile":{"background-color":"","background-image":"","background-repeat":"repeat","background-position":"center center","background-size":"auto","background-attachment":"scroll","background-type":"","background-media":"","overlay-type":"","overlay-color":"","overlay-opacity":"","overlay-gradient":""}},"ast-content-background-meta":{"desktop":{"background-color":"var(--ast-global-color-5)","background-image":"","background-repeat":"repeat","background-position":"center center","background-size":"auto","background-attachment":"scroll","background-type":"","background-media":"","overlay-type":"","overlay-color":"","overlay-opacity":"","overlay-gradient":""},"tablet":{"background-color":"var(--ast-global-color-5)","background-image":"","background-repeat":"repeat","background-position":"center center","background-size":"auto","background-attachment":"scroll","background-type":"","background-media":"","overlay-type":"","overlay-color":"","overlay-opacity":"","overlay-gradient":""},"mobile":{"background-color":"var(--ast-global-color-5)","background-image":"","background-repeat":"repeat","background-position":"center center","background-size":"auto","background-attachment":"scroll","background-type":"","background-media":"","overlay-type":"","overlay-color":"","overlay-opacity":"","overlay-gradient":""}},"_joinchat":[],"footnotes":""},"class_list":["post-30","page","type-page","status-publish","hentry"],"acf":[],"_links":{"self":[{"href":"https:\/\/makaludesign.com\/novafert\/wp-json\/wp\/v2\/pages\/30","targetHints":{"allow":["GET"]}}],"collection":[{"href":"https:\/\/makaludesign.com\/novafert\/wp-json\/wp\/v2\/pages"}],"about":[{"href":"https:\/\/makaludesign.com\/novafert\/wp-json\/wp\/v2\/types\/page"}],"author":[{"embeddable":true,"href":"https:\/\/makaludesign.com\/novafert\/wp-json\/wp\/v2\/users\/1"}],"replies":[{"embeddable":true,"href":"https:\/\/makaludesign.com\/novafert\/wp-json\/wp\/v2\/comments?post=30"}],"version-history":[{"count":12,"href":"https:\/\/makaludesign.com\/novafert\/wp-json\/wp\/v2\/pages\/30\/revisions"}],"predecessor-version":[{"id":14223,"href":"https:\/\/makaludesign.com\/novafert\/wp-json\/wp\/v2\/pages\/30\/revisions\/14223"}],"wp:attachment":[{"href":"https:\/\/makaludesign.com\/novafert\/wp-json\/wp\/v2\/media?parent=30"}],"curies":[{"name":"wp","href":"https:\/\/api.w.org\/{rel}","templated":true}]}}